e 8
24
Convert 30 (base 7) to base 6.
33
What is 51 (base 11) in base 6?
132
What is -2202 (base 4) in base 15?
-ac
23 (base 7) to base 8
21
Convert -5a (base 14) to base 5.
-310
-11 (base 2) to base 7
-3
Convert 18 (base 11) to base 16.
13
What is -3 (base 13) in base 7?
-3
3 (base 12) to base 16
3
What is -6 (base 14) in base 12?
-6
Convert 3 (base 8) to base 15.
3
44 (base 6) to base 15
1d
Convert 2 (base 13) to base 5.
2
2 (base 14) to base 7
2
What is 11 (base 6) in base 11?
7
Convert -31 (base 10) to base 11.
-29
3 (base 8) to base 16
3
Convert -2 (base 6) to base 12.
-2
-11 (base 6) to base 16
-7
1 (base 13) to base 3
1
33 (base 7) to base 14
1a
What is 1011 (base 3) in base 4?
133
Convert 100 (base 2) to base 6.
4
Convert -2 (base 6) to base 11.
-2
1 (base 2) to base 7
1
What is -1 (base 11) in base 14?
-1
What is 0 (base 12) in base 14?
0
-34 (base 12) to base 15
-2a
Convert -2 (base 3) to base 12.
-2
-2 (base 3) to base 10
-2
What is 5 (base 12) in base 15?
5
What is -36 (base 7) in base 6?
-43
1 (base 2) to base 10
1
-4 (base 16) to base 15
-4
1c (base 13) to base 15
1a
What is 10 (base 4) in base 12?
4
-1 (base 14) to base 11
-1
Convert 3 (base 12) to base 2.
11
What is 146 (base 8) in base 13?
7b
What is 15 (base 8) in base 4?
31
-65 (base 12) to base 9
-85
What is -24 (base 6) in base 12?
-14
-98 (base 11) to base 4
-1223
Convert a5 (base 15) to base 6.
415
Convert 1002 (base 7) to base 6.
1333
7 (base 13) to base 8
7
2 (base 4) to base 5
2
What is -245 (base 8) in base 3?
-20010
Convert 4 (base 12) to base 8.
4
-8 (base 16) to base 11
-8
-21 (base 16) to base 2
-100001
Convert -199 (base 14) to base 13.
-1c6
What is 4 (base 11) in base 9?
4
Convert 314 (base 5) to base 2.
1010100
1 (base 3) to base 6
1
200 (base 4) to base 14
24
Convert -2 (base 3) to base 9.
-2
Convert 10 (base 3) to base 14.
3
11 (base 5) to base 13
6
Convert 376 (base 9) to base 12.
220
Convert -3 (base 13) to base 5.
-3
What is -123 (base 9) in base 11?
-93
What is 1 (base 15) in base 8?
1
-13 (base 7) to base 8
-12
8 (base 9) to base 14
8
What is -6 (base 12) in base 3?
-20
Convert -3 (base 15) to base 4.
-3
What is -220 (base 3) in base 12?
-20
-3 (base 13) to base 15
-3
What is -220 (base 4) in base 10?
-40
10 (base 15) to base 3
120
What is -10111010 (base 2) in base 5?
-1221
3 (base 9) to base 8
3
-4 (base 13) to base 7
-4
102000 (base 3) to base 14
173
44 (base 7) to base 12
28
Convert 1e (base 15) to base 9.
32
-12220 (base 3) to base 14
-b5
What is -3 (base 7) in base 15?
-3
Convert -2 (base 12) to base 15.
-2
What is 110 (base 2) in base 11?
6
What is -10002 (base 4) in base 8?
-402
What is -100110010 (base 2) in base 12?
-216
Convert -100 (base 9) to base 5.
-311
What is 3 (base 14) in base 11?
3
-3 (base 6) to base 7
-3
What is -7 (base 13) in base 5?
-12
-23 (base 10) to base 13
-1a
What is 1 (base 10) in base 8?
1
3 (base 10) to base 3
10
Convert 11 (base 6) to base 7.
10
What is -1 (base 15) in base 2?
-1
-1 (base 14) to base 8
-1
What is 99 (base 12) in base 7?
225
-101002 (base 3) to base 15
-132
What is 3 (base 11) in base 6?
3
100 (base 3) to base 13
9
Convert 21 (base 5) to base 6.
15
Convert 6 (base 16) to base 7.
6
What is 11 (base 12) in base 11?
12
Convert -14 (base 16) to base 9.
-22
Convert 1b (base 15) to base 4.
122
Convert 17 (base 14) to base 16.
15
7c (base 16) to base 15
84
-20 (base 3) to base 7
-6
Convert 0 (base 7) to base 5.
0
Convert 19b (base 13) to base 11.
250
What is -132 (base 15) in base 3?
-101002
What is -113 (base 4) in base 9?
-25
Convert -1d (base 14) to base 11.
-25
What is -86 (base 12) in base 14?
-74
Convert -54 (base 7) to base 16.
-27
What is -6 (base 12) in base 16?
-6
What is 6b (base 12) in base 7?
146
Convert 33 (base 5) to base 11.
17
What is -2 (base 8) in base 5?
-2
What is -1211 (base 3) in base 15?
-34
Convert 4 (base 12) to base 5.
4
10 (base 4) to base 13
4
Convert 110 (base 13) to base 16.
b6
Convert -14 (base 9) to base 7.
-16
Convert -7 (base 16) to base 9.
-7
-27 (base 16) to base 12
-33
-5 (base 15) to base 10
-5
Convert 2011 (base 3) to base 15.
3d
What is 8 (base 11) in base 10?
8
What is 10 (base 13) in base 11?
12
-3 (base 10) to base 6
-3
What is -21 (base 7) in base 6?
-23
What is -20 (base 3) in base 8?
-6
Convert -6c (base 16) to base 12.
-90
What is -34 (base 14) in base 12?
-3a
What is 2 (base 9) in base 13?
2
What is -130 (base 5) in base 12?
-34
Convert -9 (base 16) to base 4.
-21
Convert -13 (base 16) to base 13.
-16
What is -1110 (base 4) in base 15?
-59
What is -4 (base 9) in base 5?
-4
What is -10 (base 2) in base 14?
-2
Convert -1222 (base 5) to base 2.
-10111011
2 (base 4) to base 16
2
Convert -8 (base 9) to base 11.
-8
Convert 7 (base 13) to base 15.
7
What is 5 (base 13) in base 14?
5
Convert -250 (base 7) to base 5.
-1013
What is 11001 (base 3) in base 9?
131
Convert -128 (base 11) to base 9.
-177
5 (base 15) to base 5
10
10 (base 4) to base 14
4
Convert -6 (base 13) to base 4.
-12
Convert 84 (base 11) to base 16.
5c
12 (base 6) to base 9
8
Convert 3 (base 13) to base 15.
3
What is -14 (base 14) in base 3?
-200
What is -102 (base 3) in base 12?
-b
-174 (base 10) to base 2
-10101110
0 (base 10) to base 15
0
Convert -3 (base 15) to base 14.
-3
-1 (base 16) to base 11
-1
-100 (base 5) to base 12
-21
What is 312 (base 4) in base 16?
36
What is 3 (base 6) in base 5?
3
3 (base 14) to base 15
3
What is -52 (base 13) in base 3?
-2111
What is 0 (base 10) in base 14?
0
-1212 (base 3) to base 9
-55
-1101 (base 4) to base 15
-56
What is 6 (base 8) in base 3?
20
What is 3 (base 8) in base 6?
3
-97 (base 15) to base 11
-11a
What is 11011 (base 2) in base 16?
1b
Convert -3003 (base 4) to base 7.
-366
30 (base 4) to base 3
110
What is 263 (base 8) in base 12?
12b
What is 2 (base 6) in base 8?
2
What is 1 (base 2) in base 9?
1
10000100 (base 2) to base 5
1012
Convert 1 (base 2) to base 8.
1
Convert -110 (base 2) to base 14.
-6
82 (base 13) to base 6
254
Convert 223 (base 4) to base 6.
111
What is 5 (base 12) in base 7?
5
-7 (base 12) to base 3
-21
-133 (base 8) to base 15
-61
Convert 2 (base 10) to base 4.
2
What is -10111011 (base 2) in base 9?
-227
What is 7 (base 14) in base 9?
7
36 (base 10) to base 12
30
Convert -1 (base 13) to base 14.
-1
What is 2 (base 12) in base 8?
2
What is -1 (base 13) in base 8?
-1
-2010 (base 3) to base 14
-41
1 (base 3) to base 7
1
3 (base 14) to base 16
3
What is 0 (base 16) in base 5?
0
a (base 11) to base 15
a
What is d9 (base 16) in base 12?
161
What is 91 (base 10) in base 5?
331
What is -62 (base 10) in base 7?
-116
What is -42 (base 6) in base 2?
-11010
What is 9 (base 14) in base 5?
14
-3 (base 8) to base 16
-3
8 (base 11) to base 6
12
What is -113 (base 6) in base 7?
-63
-10 (base 9) to base 2
-1001
Convert 239 (base 11) to base 14.
164
Convert -11 (base 9) to base 2.
-1010
Convert 7 (base 15) to base 7.
10
-9 (base 15) to base 7
-12
What is -42 (base 11) in base 8?
-56
39 (base 15) to base 2
110110
What is -a1 (base 13) in base 9?
-155
What is 4 (base 13) in base 9?
4
-64 (base 8) to base 11
-48
-1 (base 9) to base 14
-1
Convert -13d (base 15) to base 10.
-283
-3 (base 8) to base 11
-3
4 (base 6) to base 14
4
What is 2101 (base 3) in base 16?
40
Convert -6 (base 10) to base 13.
-6
2 (base 13) to base 15
2
Convert 264 (base 9) to base 6.
1004
Convert 111 (base 2) to base 4.
13
What is 45 (base 16) in base 12?
59
49 (base 14) to base 8
101
What is 3 (base 16) in base 10?
3
What is 243 (base 6) in base 5?
344
Convert a6 (base 14) to base 9.
172
What is -2 (base 6) in base 12?
-2
Convert 143 (base 7) to base 5.
310
What is -101111 (base 2) in base 15?
-32
24 (base 15) to base 11
31
What is 4 (base 6) in base 15?
4
-4 (base 8) to base 14
-4
What is -1 (base 7) in base 16?
-1
What is -10 (base 2) in base 8?
-2
What is -1 (base 2) in base 13?
-1
24 (base 10) to base 11
22
What is -9c (base 15) in base 13?
-b4
What is 2 (base 12) in base 16?
2
What is 3 (base 7) in base 2?
11
What is 154 (base 8) in base 7?
213
-4 (base 10) to base 5
-4
What is -66 (base 12) in base 6?
-210
What is -25 (base 9) in base 11?
-21
-21 (base 3) to base 15
-7
What is 1 (base 11) in base 2?
1
Convert -6 (base 15) to base 16.
-6
Convert 104 (base 6) to base 9.
44
What is -